{"id":1778,"date":"2014-11-11T09:43:46","date_gmt":"2014-11-11T08:43:46","guid":{"rendered":"https:\/\/www.svenskkniv.se\/?page_id=1778"},"modified":"2018-03-26T09:57:00","modified_gmt":"2018-03-26T07:57:00","slug":"bilder-fran-kniv-sm-i-skelleftea","status":"publish","type":"page","link":"https:\/\/www.svenskkniv.se\/?page_id=1778","title":{"rendered":"Bilder fr\u00e5n Kniv-SM i Skellefte\u00e5"},"content":{"rendered":"<p>&nbsp;<\/p>\n<div id=\"attachment_1777\" style=\"width: 310px\" class=\"wp-caption alignnone\"><a href=\"https:\/\/www.svenskkniv.se\/wp-content\/uploads\/2014\/11\/DSC_9397.jpg\"><img loading=\"lazy\" decoding=\"async\" aria-describedby=\"caption-attachment-1777\" class=\"alignnone size-medium wp-image-1777\" src=\"https:\/\/www.svenskkniv.se\/wp-content\/uploads\/2014\/11\/DSC_9397-300x199.jpg\" alt=\"DSC_9397\" width=\"300\" height=\"199\" srcset=\"https:\/\/www.svenskkniv.se\/wp-content\/uploads\/2014\/11\/DSC_9397-300x199.jpg 300w, https:\/\/www.svenskkniv.se\/wp-content\/uploads\/2014\/11\/DSC_9397-1024x680.jpg 1024w, https:\/\/www.svenskkniv.se\/wp-content\/uploads\/2014\/11\/DSC_9397-225x150.jpg 225w, https:\/\/www.svenskkniv.se\/wp-content\/uploads\/2014\/11\/DSC_9397-150x99.jpg 150w\" sizes=\"auto, (max-width: 300px) 100vw, 300px\" \/><\/a><p id=\"caption-attachment-1777\" class=\"wp-caption-text\">Knivar av Owe Wallin<\/p><\/div>\n<p>&nbsp;<\/p>\n<div id=\"attachment_1774\" style=\"width: 310px\" class=\"wp-caption alignnone\"><a href=\"https:\/\/www.svenskkniv.se\/wp-content\/uploads\/2014\/11\/DSC_9388.jpg\"><img loading=\"lazy\" decoding=\"async\" aria-describedby=\"caption-attachment-1774\" class=\"size-medium wp-image-1774\" src=\"https:\/\/www.svenskkniv.se\/wp-content\/uploads\/2014\/11\/DSC_9388-300x199.jpg\" alt=\"DSC_9388\" width=\"300\" height=\"199\" srcset=\"https:\/\/www.svenskkniv.se\/wp-content\/uploads\/2014\/11\/DSC_9388-300x199.jpg 300w, https:\/\/www.svenskkniv.se\/wp-content\/uploads\/2014\/11\/DSC_9388-1024x680.jpg 1024w, https:\/\/www.svenskkniv.se\/wp-content\/uploads\/2014\/11\/DSC_9388-225x150.jpg 225w, https:\/\/www.svenskkniv.se\/wp-content\/uploads\/2014\/11\/DSC_9388-150x99.jpg 150w\" sizes=\"auto, (max-width: 300px) 100vw, 300px\" \/><\/a><p id=\"caption-attachment-1774\" class=\"wp-caption-text\">Damasteel<\/p><\/div>\n<div id=\"attachment_1776\" style=\"width: 310px\" class=\"wp-caption alignnone\"><a href=\"https:\/\/www.svenskkniv.se\/wp-content\/uploads\/2014\/11\/DSC_9394.jpg\"><img loading=\"lazy\" decoding=\"async\" aria-describedby=\"caption-attachment-1776\" class=\"size-medium wp-image-1776\" src=\"https:\/\/www.svenskkniv.se\/wp-content\/uploads\/2014\/11\/DSC_9394-300x199.jpg\" alt=\"DSC_9394\" width=\"300\" height=\"199\" srcset=\"https:\/\/www.svenskkniv.se\/wp-content\/uploads\/2014\/11\/DSC_9394-300x199.jpg 300w, https:\/\/www.svenskkniv.se\/wp-content\/uploads\/2014\/11\/DSC_9394-1024x680.jpg 1024w, https:\/\/www.svenskkniv.se\/wp-content\/uploads\/2014\/11\/DSC_9394-225x150.jpg 225w, https:\/\/www.svenskkniv.se\/wp-content\/uploads\/2014\/11\/DSC_9394-150x99.jpg 150w\" sizes=\"auto, (max-width: 300px) 100vw, 300px\" \/><\/a><p id=\"caption-attachment-1776\" class=\"wp-caption-text\">Grabbarna fr\u00e5n Damasteel<\/p><\/div>\n<div id=\"attachment_1757\" style=\"width: 310px\" class=\"wp-caption alignnone\"><a href=\"https:\/\/www.svenskkniv.se\/wp-content\/uploads\/2014\/11\/DSC_9321.jpg\"><img loading=\"lazy\" decoding=\"async\" aria-describedby=\"caption-attachment-1757\" class=\"size-medium wp-image-1757\" src=\"https:\/\/www.svenskkniv.se\/wp-content\/uploads\/2014\/11\/DSC_9321-300x199.jpg\" alt=\"DSC_9321\" width=\"300\" height=\"199\" srcset=\"https:\/\/www.svenskkniv.se\/wp-content\/uploads\/2014\/11\/DSC_9321-300x199.jpg 300w, https:\/\/www.svenskkniv.se\/wp-content\/uploads\/2014\/11\/DSC_9321-1024x680.jpg 1024w, https:\/\/www.svenskkniv.se\/wp-content\/uploads\/2014\/11\/DSC_9321-225x150.jpg 225w, https:\/\/www.svenskkniv.se\/wp-content\/uploads\/2014\/11\/DSC_9321-150x99.jpg 150w\" sizes=\"auto, (max-width: 300px) 100vw, 300px\" \/><\/a><p id=\"caption-attachment-1757\" class=\"wp-caption-text\">Smyckekniv av Rolf Backlund<\/p><\/div>\n<div id=\"attachment_1758\" style=\"width: 310px\" class=\"wp-caption alignnone\"><a href=\"https:\/\/www.svenskkniv.se\/wp-content\/uploads\/2014\/11\/DSC_9325.jpg\"><img loading=\"lazy\" decoding=\"async\" aria-describedby=\"caption-attachment-1758\" class=\"size-medium wp-image-1758\" src=\"https:\/\/www.svenskkniv.se\/wp-content\/uploads\/2014\/11\/DSC_9325-300x199.jpg\" alt=\"DSC_9325\" width=\"300\" height=\"199\" srcset=\"https:\/\/www.svenskkniv.se\/wp-content\/uploads\/2014\/11\/DSC_9325-300x199.jpg 300w, https:\/\/www.svenskkniv.se\/wp-content\/uploads\/2014\/11\/DSC_9325-1024x680.jpg 1024w, https:\/\/www.svenskkniv.se\/wp-content\/uploads\/2014\/11\/DSC_9325-225x150.jpg 225w, https:\/\/www.svenskkniv.se\/wp-content\/uploads\/2014\/11\/DSC_9325-150x99.jpg 150w\" sizes=\"auto, (max-width: 300px) 100vw, 300px\" \/><\/a><p id=\"caption-attachment-1758\" class=\"wp-caption-text\">Knivar ur Roger T\u00e4ngemos samling<\/p><\/div>\n<div id=\"attachment_1756\" style=\"width: 310px\" class=\"wp-caption alignnone\"><a href=\"https:\/\/www.svenskkniv.se\/wp-content\/uploads\/2014\/11\/DSC_9318.jpg\"><img loading=\"lazy\" decoding=\"async\" aria-describedby=\"caption-attachment-1756\" class=\"size-medium wp-image-1756\" src=\"https:\/\/www.svenskkniv.se\/wp-content\/uploads\/2014\/11\/DSC_9318-300x199.jpg\" alt=\"DSC_9318\" width=\"300\" height=\"199\" srcset=\"https:\/\/www.svenskkniv.se\/wp-content\/uploads\/2014\/11\/DSC_9318-300x199.jpg 300w, https:\/\/www.svenskkniv.se\/wp-content\/uploads\/2014\/11\/DSC_9318-1024x680.jpg 1024w, https:\/\/www.svenskkniv.se\/wp-content\/uploads\/2014\/11\/DSC_9318-225x150.jpg 225w, https:\/\/www.svenskkniv.se\/wp-content\/uploads\/2014\/11\/DSC_9318-150x99.jpg 150w\" sizes=\"auto, (max-width: 300px) 100vw, 300px\" \/><\/a><p id=\"caption-attachment-1756\" class=\"wp-caption-text\">Minikniv av Jonas Sandstr\u00f6m<\/p><\/div>\n<div id=\"attachment_1755\" style=\"width: 310px\" class=\"wp-caption alignnone\"><a href=\"https:\/\/www.svenskkniv.se\/wp-content\/uploads\/2014\/11\/DSC_9304.jpg\"><img loading=\"lazy\" decoding=\"async\" aria-describedby=\"caption-attachment-1755\" class=\"size-medium wp-image-1755\" src=\"https:\/\/www.svenskkniv.se\/wp-content\/uploads\/2014\/11\/DSC_9304-300x199.jpg\" alt=\"DSC_9304\" width=\"300\" height=\"199\" srcset=\"https:\/\/www.svenskkniv.se\/wp-content\/uploads\/2014\/11\/DSC_9304-300x199.jpg 300w, https:\/\/www.svenskkniv.se\/wp-content\/uploads\/2014\/11\/DSC_9304-1024x680.jpg 1024w, https:\/\/www.svenskkniv.se\/wp-content\/uploads\/2014\/11\/DSC_9304-225x150.jpg 225w, https:\/\/www.svenskkniv.se\/wp-content\/uploads\/2014\/11\/DSC_9304-150x99.jpg 150w\" sizes=\"auto, (max-width: 300px) 100vw, 300px\" \/><\/a><p id=\"caption-attachment-1755\" class=\"wp-caption-text\">Hornknivar av Eilert R\u00f6nnlund<\/p><\/div>\n<p><a href=\"https:\/\/www.svenskkniv.se\/wp-content\/uploads\/2014\/11\/DSC_9336.jpg\"><img loading=\"lazy\" decoding=\"async\" class=\"size-medium wp-image-1760 \" src=\"https:\/\/www.svenskkniv.se\/wp-content\/uploads\/2014\/11\/DSC_9336-300x199.jpg\" alt=\"DSC_9336\" width=\"300\" height=\"199\" srcset=\"https:\/\/www.svenskkniv.se\/wp-content\/uploads\/2014\/11\/DSC_9336-300x199.jpg 300w, https:\/\/www.svenskkniv.se\/wp-content\/uploads\/2014\/11\/DSC_9336-1024x680.jpg 1024w, https:\/\/www.svenskkniv.se\/wp-content\/uploads\/2014\/11\/DSC_9336-225x150.jpg 225w, https:\/\/www.svenskkniv.se\/wp-content\/uploads\/2014\/11\/DSC_9336-150x99.jpg 150w\" sizes=\"auto, (max-width: 300px) 100vw, 300px\" \/><\/a><br \/>\nF\u00f6ljande Bilder \u00e4r fr\u00e5n prisutdelningen<\/p>\n<p><a href=\"https:\/\/www.svenskkniv.se\/wp-content\/uploads\/2014\/11\/DSC_9350.jpg\"><img loading=\"lazy\" decoding=\"async\" class=\"size-medium wp-image-1764\" src=\"https:\/\/www.svenskkniv.se\/wp-content\/uploads\/2014\/11\/DSC_9350-300x199.jpg\" alt=\"DSC_9350\" width=\"300\" height=\"199\" srcset=\"https:\/\/www.svenskkniv.se\/wp-content\/uploads\/2014\/11\/DSC_9350-300x199.jpg 300w, https:\/\/www.svenskkniv.se\/wp-content\/uploads\/2014\/11\/DSC_9350-1024x680.jpg 1024w, https:\/\/www.svenskkniv.se\/wp-content\/uploads\/2014\/11\/DSC_9350-225x150.jpg 225w, https:\/\/www.svenskkniv.se\/wp-content\/uploads\/2014\/11\/DSC_9350-150x99.jpg 150w\" sizes=\"auto, (max-width: 300px) 100vw, 300px\" \/><\/a><\/p>\n<p><a href=\"https:\/\/www.svenskkniv.se\/wp-content\/uploads\/2014\/11\/DSC_9371.jpg\"><img loading=\"lazy\" decoding=\"async\" class=\"size-medium wp-image-1770 \" src=\"https:\/\/www.svenskkniv.se\/wp-content\/uploads\/2014\/11\/DSC_9371-300x199.jpg\" alt=\"DSC_9371\" width=\"300\" height=\"199\" srcset=\"https:\/\/www.svenskkniv.se\/wp-content\/uploads\/2014\/11\/DSC_9371-300x199.jpg 300w, https:\/\/www.svenskkniv.se\/wp-content\/uploads\/2014\/11\/DSC_9371-1024x680.jpg 1024w, https:\/\/www.svenskkniv.se\/wp-content\/uploads\/2014\/11\/DSC_9371-225x150.jpg 225w, https:\/\/www.svenskkniv.se\/wp-content\/uploads\/2014\/11\/DSC_9371-150x99.jpg 150w\" sizes=\"auto, (max-width: 300px) 100vw, 300px\" \/><\/a><\/p>\n<p><a href=\"https:\/\/www.svenskkniv.se\/wp-content\/uploads\/2014\/11\/DSC_9358.jpg\"><img loading=\"lazy\" decoding=\"async\" class=\"size-medium wp-image-1766\" src=\"https:\/\/www.svenskkniv.se\/wp-content\/uploads\/2014\/11\/DSC_9358-300x199.jpg\" alt=\"DSC_9358\" width=\"300\" height=\"199\" srcset=\"https:\/\/www.svenskkniv.se\/wp-content\/uploads\/2014\/11\/DSC_9358-300x199.jpg 300w, https:\/\/www.svenskkniv.se\/wp-content\/uploads\/2014\/11\/DSC_9358-1024x680.jpg 1024w, https:\/\/www.svenskkniv.se\/wp-content\/uploads\/2014\/11\/DSC_9358-225x150.jpg 225w, https:\/\/www.svenskkniv.se\/wp-content\/uploads\/2014\/11\/DSC_9358-150x99.jpg 150w\" sizes=\"auto, (max-width: 300px) 100vw, 300px\" \/><\/a><\/p>\n<p><a href=\"https:\/\/www.svenskkniv.se\/wp-content\/uploads\/2014\/11\/DSC_9348.jpg\"><img loading=\"lazy\" decoding=\"async\" class=\"size-medium wp-image-1763\" src=\"https:\/\/www.svenskkniv.se\/wp-content\/uploads\/2014\/11\/DSC_9348-300x199.jpg\" alt=\"DSC_9348\" width=\"300\" height=\"199\" srcset=\"https:\/\/www.svenskkniv.se\/wp-content\/uploads\/2014\/11\/DSC_9348-300x199.jpg 300w, https:\/\/www.svenskkniv.se\/wp-content\/uploads\/2014\/11\/DSC_9348-1024x680.jpg 1024w, https:\/\/www.svenskkniv.se\/wp-content\/uploads\/2014\/11\/DSC_9348-225x150.jpg 225w, https:\/\/www.svenskkniv.se\/wp-content\/uploads\/2014\/11\/DSC_9348-150x99.jpg 150w\" sizes=\"auto, (max-width: 300px) 100vw, 300px\" \/><\/a><\/p>\n<p><a href=\"https:\/\/www.svenskkniv.se\/wp-content\/uploads\/2014\/11\/DSC_9354.jpg\"><img loading=\"lazy\" decoding=\"async\" class=\"size-medium wp-image-1765\" src=\"https:\/\/www.svenskkniv.se\/wp-content\/uploads\/2014\/11\/DSC_9354-300x199.jpg\" alt=\"DSC_9354\" width=\"300\" height=\"199\" srcset=\"https:\/\/www.svenskkniv.se\/wp-content\/uploads\/2014\/11\/DSC_9354-300x199.jpg 300w, https:\/\/www.svenskkniv.se\/wp-content\/uploads\/2014\/11\/DSC_9354-1024x680.jpg 1024w, https:\/\/www.svenskkniv.se\/wp-content\/uploads\/2014\/11\/DSC_9354-225x150.jpg 225w, https:\/\/www.svenskkniv.se\/wp-content\/uploads\/2014\/11\/DSC_9354-150x99.jpg 150w\" sizes=\"auto, (max-width: 300px) 100vw, 300px\" \/><\/a><\/p>\n<p><a href=\"https:\/\/www.svenskkniv.se\/wp-content\/uploads\/2014\/11\/DSC_9344.jpg\"><img loading=\"lazy\" decoding=\"async\" class=\"size-medium wp-image-1762\" src=\"https:\/\/www.svenskkniv.se\/wp-content\/uploads\/2014\/11\/DSC_9344-300x199.jpg\" alt=\"DSC_9344\" width=\"300\" height=\"199\" srcset=\"https:\/\/www.svenskkniv.se\/wp-content\/uploads\/2014\/11\/DSC_9344-300x199.jpg 300w, https:\/\/www.svenskkniv.se\/wp-content\/uploads\/2014\/11\/DSC_9344-1024x680.jpg 1024w, https:\/\/www.svenskkniv.se\/wp-content\/uploads\/2014\/11\/DSC_9344-225x150.jpg 225w, https:\/\/www.svenskkniv.se\/wp-content\/uploads\/2014\/11\/DSC_9344-150x99.jpg 150w\" sizes=\"auto, (max-width: 300px) 100vw, 300px\" \/><\/a><\/p>\n<p><a href=\"https:\/\/www.svenskkniv.se\/wp-content\/uploads\/2014\/11\/DSC_9366.jpg\"><img loading=\"lazy\" decoding=\"async\" class=\"size-medium wp-image-1768 \" src=\"https:\/\/www.svenskkniv.se\/wp-content\/uploads\/2014\/11\/DSC_9366-300x199.jpg\" alt=\"DSC_9366\" width=\"300\" height=\"199\" srcset=\"https:\/\/www.svenskkniv.se\/wp-content\/uploads\/2014\/11\/DSC_9366-300x199.jpg 300w, https:\/\/www.svenskkniv.se\/wp-content\/uploads\/2014\/11\/DSC_9366-1024x680.jpg 1024w, https:\/\/www.svenskkniv.se\/wp-content\/uploads\/2014\/11\/DSC_9366-225x150.jpg 225w, https:\/\/www.svenskkniv.se\/wp-content\/uploads\/2014\/11\/DSC_9366-150x99.jpg 150w\" sizes=\"auto, (max-width: 300px) 100vw, 300px\" \/><\/a><\/p>\n<p><a href=\"https:\/\/www.svenskkniv.se\/wp-content\/uploads\/2014\/11\/DSC_9361.jpg\"><img loading=\"lazy\" decoding=\"async\" class=\"size-medium wp-image-1767 \" src=\"https:\/\/www.svenskkniv.se\/wp-content\/uploads\/2014\/11\/DSC_9361-300x199.jpg\" alt=\"DSC_9361\" width=\"300\" height=\"199\" srcset=\"https:\/\/www.svenskkniv.se\/wp-content\/uploads\/2014\/11\/DSC_9361-300x199.jpg 300w, https:\/\/www.svenskkniv.se\/wp-content\/uploads\/2014\/11\/DSC_9361-1024x680.jpg 1024w, https:\/\/www.svenskkniv.se\/wp-content\/uploads\/2014\/11\/DSC_9361-225x150.jpg 225w, https:\/\/www.svenskkniv.se\/wp-content\/uploads\/2014\/11\/DSC_9361-150x99.jpg 150w\" sizes=\"auto, (max-width: 300px) 100vw, 300px\" \/><\/a><\/p>\n<p>&nbsp;<\/p>\n<p>&nbsp;<\/p>\n<p>&nbsp;<\/p>\n<p>&nbsp;<\/p>\n<p>&nbsp;<\/p>\n","protected":false},"excerpt":{"rendered":"<p>&nbsp; &nbsp; F\u00f6ljande Bilder \u00e4r fr\u00e5n prisutdelningen &nbsp; &nbsp; &nbsp; &nbsp; &nbsp;<\/p>\n","protected":false},"author":123456,"featured_media":0,"parent":0,"menu_order":0,"comment_status":"closed","ping_status":"closed","template":"","meta":{"footnotes":""},"class_list":["post-1778","page","type-page","status-publish","hentry"],"_links":{"self":[{"href":"https:\/\/www.svenskkniv.se\/index.php?rest_route=\/wp\/v2\/pages\/1778","targetHints":{"allow":["GET"]}}],"collection":[{"href":"https:\/\/www.svenskkniv.se\/index.php?rest_route=\/wp\/v2\/pages"}],"about":[{"href":"https:\/\/www.svenskkniv.se\/index.php?rest_route=\/wp\/v2\/types\/page"}],"author":[{"embeddable":true,"href":"https:\/\/www.svenskkniv.se\/index.php?rest_route=\/wp\/v2\/users\/123456"}],"replies":[{"embeddable":true,"href":"https:\/\/www.svenskkniv.se\/index.php?rest_route=%2Fwp%2Fv2%2Fcomments&post=1778"}],"version-history":[{"count":2,"href":"https:\/\/www.svenskkniv.se\/index.php?rest_route=\/wp\/v2\/pages\/1778\/revisions"}],"predecessor-version":[{"id":2622,"href":"https:\/\/www.svenskkniv.se\/index.php?rest_route=\/wp\/v2\/pages\/1778\/revisions\/2622"}],"wp:attachment":[{"href":"https:\/\/www.svenskkniv.se\/index.php?rest_route=%2Fwp%2Fv2%2Fmedia&parent=1778"}],"curies":[{"name":"wp","href":"https:\/\/api.w.org\/{rel}","templated":true}]}}