{"id":63,"date":"2013-02-25T23:25:08","date_gmt":"2013-02-25T22:25:08","guid":{"rendered":"https:\/\/www.svenskkniv.se\/?page_id=63"},"modified":"2024-04-20T08:44:09","modified_gmt":"2024-04-20T06:44:09","slug":"tavlingsbestammelser","status":"publish","type":"page","link":"https:\/\/www.svenskkniv.se\/?page_id=63","title":{"rendered":"T\u00e4vlingsbest\u00e4mmelser"},"content":{"rendered":"<h2><em><span style=\"font-size: 16px;\">(Klicka p\u00e5 l\u00e4nkarna nedan)<\/span><\/em><\/h2>\n<p>Anm\u00e4lningsblankett till Kniv-SM 2024 finns h\u00e4r <a href=\"https:\/\/www.svenskkniv.se\/wp-content\/uploads\/2024\/04\/AnmalanNV.pdf\" target=\"_blank\" rel=\"noopener\">Anma\u0308lan_SM24<\/a><\/p>\n<p><a href=\"https:\/\/www.svenskkniv.se\/wp-content\/uploads\/2019\/02\/Ta\u0308vlingsbesta\u0308mmelser-v191.pdf\">T\u00e4vlingsbest\u00e4mmelser<\/a><\/p>\n<p><a href=\"https:\/\/www.svenskkniv.se\/wp-content\/uploads\/2013\/02\/Bil1.pdf\">Bil 1 Begreppsf\u00f6rklaringar<\/a><br \/>\n<a href=\"https:\/\/www.svenskkniv.se\/wp-content\/uploads\/2024\/01\/Bil-2-Klassindelning-v23_1.pdf\" target=\"_blank\" rel=\"noopener\">Bil 2 Knivklasser<\/a><br \/>\n<a href=\"https:\/\/www.svenskkniv.se\/wp-content\/uploads\/2018\/03\/Bil-3-Bedo\u0308mningsprotokoll_v181.pdf\" target=\"_blank\" rel=\"noopener noreferrer\">Bil 3 Bed\u00f6mningsprotokoll<\/a><br \/>\n<a href=\"https:\/\/www.svenskkniv.se\/wp-content\/uploads\/2018\/03\/Bil-4-Juryinstruktion-v181.pdf\" target=\"_blank\" rel=\"noopener noreferrer\">Bil 4 Juryinstruktion<br \/>\n<\/a> <a href=\"https:\/\/www.svenskkniv.se\/wp-content\/uploads\/2018\/03\/Bil-5-Datorsto\u0308d-v181.pdf\" target=\"_blank\" rel=\"noopener noreferrer\">Bil 5 Datorst\u00f6d<\/a><\/p>\n","protected":false},"excerpt":{"rendered":"<p>(Klicka p\u00e5 l\u00e4nkarna nedan) Anm\u00e4lningsblankett till Kniv-SM 2024 finns h\u00e4r Anma\u0308lan_SM24 T\u00e4vlingsbest\u00e4mmelser Bil 1 Begreppsf\u00f6rklaringar Bil 2 Knivklasser Bil 3 Bed\u00f6mningsprotokoll Bil 4 Juryinstruktion Bil 5 Datorst\u00f6d<\/p>\n","protected":false},"author":1,"featured_media":0,"parent":18,"menu_order":1,"comment_status":"open","ping_status":"closed","template":"","meta":{"footnotes":""},"class_list":["post-63","page","type-page","status-publish","hentry"],"_links":{"self":[{"href":"https:\/\/www.svenskkniv.se\/index.php?rest_route=\/wp\/v2\/pages\/63","targetHints":{"allow":["GET"]}}],"collection":[{"href":"https:\/\/www.svenskkniv.se\/index.php?rest_route=\/wp\/v2\/pages"}],"about":[{"href":"https:\/\/www.svenskkniv.se\/index.php?rest_route=\/wp\/v2\/types\/page"}],"author":[{"embeddable":true,"href":"https:\/\/www.svenskkniv.se\/index.php?rest_route=\/wp\/v2\/users\/1"}],"replies":[{"embeddable":true,"href":"https:\/\/www.svenskkniv.se\/index.php?rest_route=%2Fwp%2Fv2%2Fcomments&post=63"}],"version-history":[{"count":52,"href":"https:\/\/www.svenskkniv.se\/index.php?rest_route=\/wp\/v2\/pages\/63\/revisions"}],"predecessor-version":[{"id":4711,"href":"https:\/\/www.svenskkniv.se\/index.php?rest_route=\/wp\/v2\/pages\/63\/revisions\/4711"}],"up":[{"embeddable":true,"href":"https:\/\/www.svenskkniv.se\/index.php?rest_route=\/wp\/v2\/pages\/18"}],"wp:attachment":[{"href":"https:\/\/www.svenskkniv.se\/index.php?rest_route=%2Fwp%2Fv2%2Fmedia&parent=63"}],"curies":[{"name":"wp","href":"https:\/\/api.w.org\/{rel}","templated":true}]}}